f b**5/20 + 5*b**4/12 - 3*b**3/2 - 4*b**2 - 24*b. Suppose -k - 18 = 2*k. Give p(k).
10
Let w(d) = d**3 + 4*d**2 + 4*d + 3. Let r(k) = k**3 + 9*k**2 - 4. Let g be r(-9). What is w(g)?
-13
Suppose 5*v - 14 = -0*w + w, 0 = -3*v + 3*w + 18. Let c(i) = -6 + i + 0*i + 3. Calculate c(v).
-1
Let p(a) be the first derivative of a**3/3 - a**2/2 + 6*a - 37. Give p(0).
6
Suppose 14 = -5*a + z - 0*z, -4 = a + z. Let p(y) = -6*y + 3*y**2 + 3 + 4*y - 5*y**2. Give p(a).
-9
Let j(c) be the first derivative of -c**4/4 + c**3/3 - 2*c + 43. What is j(-2)?
10
Suppose -4*p - 8 = -3*p. Let c(m) = -2*m - 10. Give c(p).
6
Let d(m) = -7*m**3 - 2*m**2 + 15*m + 3. Let o(p) = -4*p**3 - p**2 + 8*p + 1. Let j(z) = 3*d(z) - 5*o(z). Calculate j(-3).
7
Let w(s) = -4*s - 3. Suppose 7*x - 2*x = 5. Let o(m) = -m - 1. Let t be o(x). Determine w(t).
5
Suppose 0*c = 2*c + 6. Let i(y) be the first derivative of y**2/2 - y - 10. Calculate i(c).
-4
Let g(w) = -w - 1. Let v be (0 - -2) + (-2 - 2). Let l(u) = 4*u - 1. Let k(n) = v*l(n) - 6*g(n). Determine k(6).
-4
Let x(s) be the first derivative of -s**2/2 - 7*s - 6. Calculate x(-6).
-1
Let q(m) be the first derivative of 3*m**2 + m - 3. Let r = -4 + 5. Give q(r).
7
Let d(h) = 0*h**3 + h**2 + 3*h - 2*h - h**3. Let q be d(2). Let k(g) be the second derivative of -g**3/3 - 3*g**2/2 - g. What is k(q)?
1
Let i(y) = 3*y + 0*y - 1 - y. Let o be -1*10*7/70*-1. What is i(o)?
1
Let w be 114/27 - (-4)/(-18). Let y(s) = -s**2 + 5. What is y(w)?
-11
Let t(j) = -j**2 + 4*j + 1. Let u be t(3). Let n(y) = y + 1. Let g be n(u). Let s(m) = 0*m**2 - 5 + m**2 - 7*m + 2*m. Calculate s(g).
-5
Let w(u) = -2*u**2 - 2*u - 2. Let x(l) = -3*l + 2*l - 5 - 4*l - 5*l**2 + 1. Let z(i) = 9*w(i) - 4*x(i). What is z(-3)?
10
Suppose -3*k = -0*k + m - 29, 5*m = 10. Let x(s) = -s + 14. Let f be x(k). Let y(z) = -2 + z - f*z + 0*z**2 - z**2. Give y(-5).
-7
Let f = 19 - 24. Let r(p) = 3 + 2 - 4*p + 5*p. Give r(f).
0
Let o(r) = -r - 2. Let b = 34 - 30. Determine o(b).
-6
Let y = -8 + 8. Let o(f) = 20*f - f**2 - 24*f + 3 + y. Let r = 8 - 13. Give o(r).
-2
Suppose 2*t - 19 = 3*x, -5*x - 11 = t - 1. Suppose w - 5 = -4*u, 4*w = -5*u + 4 + t. Let q(c) = -2*c - c - u - 2*c + 4*c. What is q(-6)?
5
Let l(x) = -1 - 2*x**2 - 4 + 4 + 2*x**3. Let a be (-1)/4*2*-4. Give l(a).
7
Suppose -5*c + 7 = -13. Let l(i) = 6*i**2 + 6. Let q(u) = -7*u**2 - u - 7. Let y(k) = -6*l(k) - 5*q(k). Calculate y(c).
3
Let v(o) = o + 0 - 6 - 2*o. Let a = 3 - -1. Suppose 0 = -0*y - a*y. Determine v(y).
-6
Let s be -2 + 1/((-3)/12). Let v(g) = -g**3 - 6*g**2 + 5. What is v(s)?
5
Suppose -4*s = y + 3, 5*y + 9 + 6 = 4*s. Let d(q) = -q**3 + q**2 + q + 2. Determine d(s).
2
Let p be ((-6)/(-2))/((-3)/(-4)). Suppose -2*k + 10 = -p*k. Let u(y) = 2*y. Let f(h) = 3*h. Let b(x) = -5*f(x) + 7*u(x). Determine b(k).
5
Let c(s) = s**2 - 4*s - 1. Let q be 3 + 1*(2 - 1). Let g be 390/(-42) + q/14. Let t be g*((-8)/6)/4. Calculate c(t).
-4
Let v(o) = o**2 + 6*o - 3. Suppose -5*a = -8*a + 12, 0 = -4*c - 3*a - 8. What is v(c)?
-8
Let v(h) = -3*h**2 + 3*h - 1. Let j = 20 - 18. Determine v(j).
-7
Let u = 23 - 18. Let z(j) = j**3 - 4*j**2 - 5*j + 2. Calculate z(u).
2
Suppose i + 2*i - 1 = -4*v, -4*v = -2*i + 14. Let j(f) be the third derivative of f**4/12 + f**3/6 + 3*f**2. Calculate j(v).
-3
Let v = 1 + -9. Suppose -2*y = r - 13, 3*r = -3*y + 16 + 5. Let g = v + y. Let a(h) = h**2 + h + 2. Give a(g).
4
Let f(n) = 8*n + 1. Suppose 4 - 10 = 6*v. What is f(v)?
-7
Let a(m) = m + 9. Let t(l) = l**2 - 2*l**2 - 5 + 1. Let w be t(0). Give a(w).
5
Suppose 20 = 5*b, -5*p + 4 = -p - b. Let v be (-8)/6*6/p. Let l(u) be the second derivative of -u**4/12 - u**3/2 + 3*u**2/2 - u. Calculate l(v).
-1
Let v(n) = -n**2 + 4*n + 4. Let i = -3 + 9. Determine v(i).
-8
Let a(c) = 6 + 6*c**2 - 3*c**3 + 4*c**3 + 0*c**3 + 5*c. Let d be ((-2)/(-4))/(1/4). Let x = d - 7. Give a(x).
6
Let w(k) = -4*k**2 - 3*k - 6. Let g(m) = m**2 + 1. Let l(h) = -5*g(h) - w(h). Determine l(6).
-17
Let j(n) = -n**3 - 8*n**2 - 6*n + 7. Let d be j(-7). Let b(u) = -5*u - 2. Let t(y) = -3*y + 3*y + 1 - y. Let p(c) = b(c) - 4*t(c). Determine p(d).
-6
Let n(r) = -r**2 + 4*r - 4. Let g(v) = -v**3 + 8*v**2 + 8*v + 13. Let x be g(9). Determine n(x).
-4
Let x(f) = f + 16. Let b be x(-15). Let a(c) = -2*c**3 + 2*c**2 - 2*c + 1. Calculate a(b).
-1
Let h(c) = -c - 6. Let n = 21 + -29. Give h(n).
2
Let i(n) be the first derivative of n**3/6 + 5*n**2/2 + 2*n + 5. Let s(t) be the first derivative of i(t). Calculate s(-5).
0
Let k = 31 - 35. Let d(t) = -t**3 - 5*t**2 - 3*t + 3. Give d(k).
-1
Let h(c) = -2*c + 1. Let m(y) = 5*y**3 + 2*y**2 + y. Let l be m(-1). Let s be (l - -8)/((-2)/3). Give h(s).
13
Let f be (4 + -3)/((-2)/(-10)). Suppose f*v + 10 = -2*l, -4*v + 3*l + 15 = -7*v. Let g(s) = s + 2. Calculate g(v).
2
Suppose -4*p = -2*p - u - 6, -4*u + 12 = 4*p. Let b(t) = 4 - 7*t - 5 + 5*t - p. Determine b(-3).
2
Let y = -3 - 1. Let z(a) be the third derivative of -a**5/60 - 5*a**4/24 - a**3/2 - 11*a**2. Give z(y).
1
Let j(a) = 5*a - 9. Let f(l) = -l**3 - 20*l**2 + 21*l + 6. Let m be f(-21). Give j(m).
21
Let v = -455 - -462. Let l(j) = j - 10 - 2 - 5. Calculate l(v).
-10
Let l(z) be the second derivative of 4*z**3/3 - z**2 + 2*z. Let v(u) = -u**2 + 8*u - 5. Let c be v(7). Give l(c).
14
Let w(g) = -g - 1. Let k(s) = -s**2 + 13*s + 8. Let d(o) = k(o) + 6*w(o). Determine d(6).
8
Let q(j) = -5*j**2 - 5*j + 3*j - 2*j**3 + 3*j**2 - 2 + j**3. Calculate q(-2).
2
Let t(n) = -2*n**2 + 4*n - 7*n + 1 + 0*n**2. Let u be 70/6 - (-4)/(-6). Suppose u = -3*m + 2. Calculate t(m).
-8
Let w(m) = -m**3 - m**2 + 2. Suppose -4 = -3*q - 13. Let i = q - -3. Calculate w(i).
2
Let x be ((-3)/(-9))/(19/6 - 3). Let d(v) = -4*v + 2. Determine d(x).
-6
Suppose -4 = i - 0. Let z(s) = s**3 + 6*s**2 + 5*s + 6. Determine z(i).
18
Let c(x) = x + 1. Let u(p) = -p**2 - 8*p + 1. Let d(q) = 3*c(q) + u(q). Calculate d(-5).
4
Let t(z) be the third derivative of -z**5/60 + z**4/8 - z**3/6 - z**2. What is t(4)?
-5
Let d(x) = x - 4. Suppose -f - 4*c + 3*c + 2 = 0, 0 = -5*f - c + 2. Determine d(f).
-4
Let n(a) = -a**3 - 2*a**2 - 4*a - 2. Let r(z) = -z**2 + 1. Suppose -i + 3*i + 7 = -5*m, 0 = -3*i - 4*m - 7. Let p be r(i). Suppose p*t = 5*t + 10. What is n(t)?
6
Let p = -17 - -20. Let k(n) = 5 - 4 - n**p - 5*n**2 + 0*n + 6*n. Determine k(-6).
1
Let p(w) = -w**3 + 8*w**2 + 10*w + 7. Let q(s) = -2*s**3 + 17*s**2 + 21*s + 15. Let a(r) = -13*p(r) + 6*q(r). Calculate a(3).
-4
Let y = 7 - 5. Suppose y*m + 8 = -0*m. Let z(d) = d**3 + 4*d**2 - d - 5. Give z(m).
-1
Let r(m) = 30 + m**2 - 10 + 5*m - 17. What is r(-3)?
-3
Let s(r) be the third derivative of -r**5/60 + r**3/3 + 7*r**2. Determine s(-3).
-7
Let f be (1/(4/10))/((-1)/2). Let i(r) = -1 - 3*r**3 + 4*r**3 - 4 + 6*r**2 + 2*r. What is i(f)?
10
Let b(s) = -s**3 + 7*s**2 + 8*s + 3. Suppose 3*n - 28 = -4. Give b(n).
3
Let s be 1/((-5)/(-1 + 6)). Let x(f) = -11*f - 1. Determine x(s).
10
Let k(u) = -u**2 - 7*u - 4. Let j be k(-5). Let t(c) = -2*c**2 + 3*c**2 - j*c + 1 + 1. Calculate t(3).
-7
Let a(b) = -b**2 + 4*b + 3. Let v(r) = 3 - r - 3*r + 5*r. Let q be v(-5). Calculate a(q).
-9
Let j(r) be the third derivative of -3*r**5/20 - r**4/12 - r**3/6 - 7*r**2. Calculate j(-1).
-8
Let w(s) = -1 - s + 4*s - 5*s. Determine w(5).
-11
Let h = 11 + -8. Let i(n) = -4*n**2 + 11*n**h - 10*n**3 + 3*n**2. Determine i(2).
4
Let g(p) be the first derivative of -p**4/4 + p**3/3 + p**2/2 + 2*p + 1. Let q(y) = y**3 + 7*y**2 + 9*y - 5. Let b be q(-5). Calculate g(b).
2
Let o(y) = y**2 + 2*y + 5. Let h(d) = -2*d**2 - d + 1. Let u be h(1). Let t(n) = 2*n**2 + 3*n + 11. Let g(p) = u*t(p) + 5*o(p). Calculate g(-4).
3
Let f(y) be the third derivative of -1/20*y**5 - 1/6*y**3 - 2*y**2 + 0 + 0*y**4 + 0*y - 1/120*y**6. What is f(-2)?
-5
Let z = 30 - 34. Let p(a) = a**3 + 4*a**2 + 2*a - 1. Let b be p(-3). Let f(k) = 4*k**b + k**3 + 5 + 0 + 2*k - k. Calculate f(z).
1
Let i(a) = -2*a**2 - a. Let m be i(1). Let p(v) = v + 1. Let n(w) = 3*w. Let r = 4 - 3. Let h(q) = r*n(q) - 4*p(q). Calculate h(m).
-1
Let m(x) = 2*x**3 + 2*x**2 - 2*x. Let n(f) = 2*f + 4. Let v(u) = -u - 1. Let y(b) = n(b) + v(b). Let a be y(-5). Determine m(a).
-4
Let o(y) be the first derivative of y**3/3 - 3*y**2 + 2. Give o(3).
-9
Let t(h) be the third der